{"id":121,"date":"2014-07-17T21:36:24","date_gmt":"2014-07-17T19:36:24","guid":{"rendered":"http:\/\/wordpress.nibis.de\/gswall\/?page_id=120"},"modified":"2024-07-13T11:45:05","modified_gmt":"2024-07-13T09:45:05","slug":"schulleben","status":"publish","type":"page","link":"https:\/\/www.wallschule-cloppenburg.de\/?page_id=121","title":{"rendered":"Projekte und Kooperationen"},"content":{"rendered":"<p>&nbsp;<\/p>\n<div class=\"pt-cv-wrapper\"><div class=\"pt-cv-view pt-cv-grid pt-cv-colsys\" id=\"pt-cv-view-d9ebde60zq\"><div data-id=\"pt-cv-page-1\" class=\"pt-cv-page\" data-cvc=\"2\"><div class=\"col-md-6 col-sm-6 col-xs-12 pt-cv-content-item pt-cv-1-col\" ><div class='pt-cv-ifield'><a href=\"https:\/\/www.wallschule-cloppenburg.de\/?p=5008\" class=\"_self pt-cv-href-thumbnail pt-cv-thumb-default\" target=\"_self\" ><\/a>\n<div class=\"pt-cv-content\"><h4 style=\"text-align: center;\"><strong><img loading=\"lazy\" decoding=\"async\" class=\"alignnone wp-image-4914 size-medium\" src=\"https:\/\/www.wallschule-cloppenburg.de\/wp-content\/uploads\/2023\/08\/Polizei-niedersachsen-e1692088299755-300x110.png\" alt=\"\" width=\"300\" height=\"110\" srcset=\"https:\/\/www.wallschule-cloppenburg.de\/wp-content\/uploads\/2023\/08\/Polizei-niedersachsen-e1692088299755-300x110.png 300w, https:\/\/www.wallschule-cloppenburg.de\/wp-content\/uploads\/2023\/08\/Polizei-niedersachsen-e1692088299755-768x283.png 768w, https:\/\/www.wallschule-cloppenburg.de\/wp-content\/uploads\/2023\/08\/Polizei-niedersachsen-e1692088299755.png 1013w\" sizes=\"auto, (max-width: 300px) 100vw, 300px\" \/><\/strong><\/h4>\n<h3 style=\"text-align: center;\"><strong>Puppenb\u00fchne der Polizei<\/strong><\/h3>\n<p>Mit dem Pr\u00e4ventionsprogramm der Puppenb\u00fchne der Polizeidirektion Aurich lernen die Kinder richtiges Verhalten im Stra\u00dfenverkehr sowie Schutz im Internet vor Missbrauch und Cybermobbing.<\/p>\n<\/div><\/div><\/div>\n<div class=\"col-md-6 col-sm-6 col-xs-12 pt-cv-content-item pt-cv-1-col\" ><div class='pt-cv-ifield'><a href=\"https:\/\/www.wallschule-cloppenburg.de\/?p=5005\" class=\"_self pt-cv-href-thumbnail pt-cv-thumb-default\" target=\"_self\" ><\/a>\n<div class=\"pt-cv-content\"><h4 style=\"text-align: center;\"><strong><img loading=\"lazy\" decoding=\"async\" class=\"alignnone wp-image-4915\" src=\"https:\/\/www.wallschule-cloppenburg.de\/wp-content\/uploads\/2023\/08\/Lubo-261x300.jpg\" alt=\"\" width=\"150\" height=\"173\" srcset=\"https:\/\/www.wallschule-cloppenburg.de\/wp-content\/uploads\/2023\/08\/Lubo-261x300.jpg 261w, https:\/\/www.wallschule-cloppenburg.de\/wp-content\/uploads\/2023\/08\/Lubo-890x1024.jpg 890w, https:\/\/www.wallschule-cloppenburg.de\/wp-content\/uploads\/2023\/08\/Lubo-768x883.jpg 768w, https:\/\/www.wallschule-cloppenburg.de\/wp-content\/uploads\/2023\/08\/Lubo-1335x1536.jpg 1335w, https:\/\/www.wallschule-cloppenburg.de\/wp-content\/uploads\/2023\/08\/Lubo-1780x2048.jpg 1780w\" sizes=\"auto, (max-width: 150px) 100vw, 150px\" \/><\/strong><\/h4>\n<h3 style=\"text-align: center;\"><strong>Lubo aus dem All<\/strong><\/h3>\n<p>Mit dem Au\u00dferirdischen &#8222;Lubo&#8220; lernen die Kinder spielerisch ihr Gef\u00fchle kennen und zu benennen, mit Konfliktsituationen umzugehen und Bed\u00fcrfnisse zu \u00e4u\u00dfern. Sozial-emotionale Basiskompetenzen sollen so gef\u00f6rdert werden. Unsere Schulsozialarbeiterin Anika Brinkmann leitet dieses Programm.<\/p>\n<\/div><\/div><\/div>\n<div class=\"col-md-6 col-sm-6 col-xs-12 pt-cv-content-item pt-cv-1-col\" ><div class='pt-cv-ifield'><a href=\"https:\/\/www.wallschule-cloppenburg.de\/?p=5002\" class=\"_self pt-cv-href-thumbnail pt-cv-thumb-default\" target=\"_self\" ><\/a>\n<div class=\"pt-cv-content\"><h4 style=\"text-align: center;\"><a href=\"https:\/\/www.tpwerkstatt.de\/programme\/mein-k%C3%B6rper-geh%C3%B6rt-mir\"><img loading=\"lazy\" decoding=\"async\" class=\"alignnone wp-image-4913 size-full\" src=\"https:\/\/www.wallschule-cloppenburg.de\/wp-content\/uploads\/2023\/08\/MKGM.png\" alt=\"\" width=\"383\" height=\"91\" srcset=\"https:\/\/www.wallschule-cloppenburg.de\/wp-content\/uploads\/2023\/08\/MKGM.png 383w, https:\/\/www.wallschule-cloppenburg.de\/wp-content\/uploads\/2023\/08\/MKGM-300x71.png 300w\" sizes=\"auto, (max-width: 383px) 100vw, 383px\" \/><\/a><\/h4>\n<h3 style=\"text-align: center;\"><strong>Mein K\u00f6rper geh\u00f6rt mir!<\/strong><\/h3>\n<p>Die Theaterp\u00e4dagogische Werkstatt zeigt den Kinder der 4. Klassen durch dargestellte Szenen, wie sie auf ihr eigenes Nein!-Gef\u00fchl vertrauen k\u00f6nnen und so vor sexuellem Missbrauch (besser) gesch\u00fctzt sind. <a href=\"https:\/\/www.tpwerkstatt.de\/programme\/mein-k%C3%B6rper-geh%C3%B6rt-mir\">Hier<\/a> gibt es weitere Infos zu diesem tollen Projekt.<\/p>\n<\/div><\/div><\/div>\n<div class=\"col-md-6 col-sm-6 col-xs-12 pt-cv-content-item pt-cv-1-col\" ><div class='pt-cv-ifield'><a href=\"https:\/\/www.wallschule-cloppenburg.de\/?p=4984\" class=\"_self pt-cv-href-thumbnail pt-cv-thumb-default\" target=\"_self\" ><\/a>\n<div class=\"pt-cv-content\"><p>&nbsp;<\/p>\n<h6 style=\"text-align: center;\"><a href=\"https:\/\/skf-cloppenburg.de\/\"><img loading=\"lazy\" decoding=\"async\" class=\"aligncenter\" title=\"skf_cloppenburg_logo\" src=\"https:\/\/skf-cloppenburg.de\/wp-content\/uploads\/elementor\/thumbs\/skf_cloppenburg_logo-pnxfefotzvx581hezswsiefvqqm76hkrbldyhyeb4w.png\" alt=\"skf_cloppenburg_logo\" width=\"150\" height=\"112\" \/><\/a><\/h6>\n<h3 style=\"text-align: center;\"><strong>Auf&#8230;gekl\u00e4rt! Abenteuer Pubert\u00e4t<\/strong><\/h3>\n<p style=\"text-align: left;\">Die 4. Klassen nehmen im Rahmen des Sexualkundeunterrichts an dem Programm &#8222;Auf&#8230;gekl\u00e4rt! Abenteuer Pubert\u00e4t&#8220;, angeboten vom SkF Cloppenburg teil. N\u00e4here Infos dazu finden Sie <a href=\"https:\/\/skf-cloppenburg.de\/praeventionsarbeit-fuer-schulen\">hier<\/a>.<\/p>\n<\/div><\/div><\/div>\n<div class=\"col-md-6 col-sm-6 col-xs-12 pt-cv-content-item pt-cv-1-col\" ><div class='pt-cv-ifield'><a href=\"https:\/\/www.wallschule-cloppenburg.de\/?p=4977\" class=\"_self pt-cv-href-thumbnail pt-cv-thumb-default\" target=\"_self\" ><\/a>\n<div class=\"pt-cv-content\"><h3><a href=\"https:\/\/www.ka-stapelfeld.de\/die-akademie\/umweltzentrum\"><img loading=\"lazy\" decoding=\"async\" class=\"aligncenter wp-image-4919 size-full\" src=\"https:\/\/www.wallschule-cloppenburg.de\/wp-content\/uploads\/2023\/08\/Umweltzentrum.png\" alt=\"Umweltzentrum Oldenburger M\u00fcnsterland\" width=\"407\" height=\"85\" \/><\/a><\/h3>\n<h3 style=\"text-align: center;\"><strong>Umweltzentrum Stapelfeld<\/strong><\/h3>\n<p>In jedem Schuljahr besuchen die Kinder das Umweltzentrum in Stapelfeld und lernen dort das Anpflanzen, Ernten und Weiterverarbeiten heimische Fr\u00fcchte wie Kartoffeln oder \u00c4pfel, wichtige Verhaltensweisen f\u00fcr den Umweltschutz sowie Herkunft anderer Lebensmittel. Im Umweltzentrum gibt es immer viel zu entdecken und zu erforschen.<\/p>\n<\/div><\/div><\/div><\/div><\/div><\/div>\n<p>&nbsp;<\/p>\n<h2><span style=\"text-decoration: underline;\">Eindr\u00fccke der Projekte vergangener Schuljahre<\/span><\/h2>\n<p>&nbsp;<\/p>\n<div class=\"pt-cv-wrapper\"><div class=\"pt-cv-view pt-cv-grid pt-cv-colsys\" id=\"pt-cv-view-aab9ae7obi\"><div data-id=\"pt-cv-page-1\" class=\"pt-cv-page\" data-cvc=\"2\"><div class=\"col-md-6 col-sm-6 col-xs-12 pt-cv-content-item pt-cv-1-col\" ><div class='pt-cv-ifield'><a href=\"https:\/\/www.wallschule-cloppenburg.de\/?p=4908\" class=\"_self pt-cv-href-thumbnail pt-cv-thumb-default\" target=\"_self\" ><img loading=\"lazy\" decoding=\"async\" width=\"300\" height=\"225\" src=\"https:\/\/www.wallschule-cloppenburg.de\/wp-content\/uploads\/2020\/02\/IMG_3977-300x225.jpeg\" class=\"pt-cv-thumbnail\" alt=\"\" srcset=\"https:\/\/www.wallschule-cloppenburg.de\/wp-content\/uploads\/2020\/02\/IMG_3977-300x225.jpeg 300w, https:\/\/www.wallschule-cloppenburg.de\/wp-content\/uploads\/2020\/02\/IMG_3977-1024x768.jpeg 1024w, https:\/\/www.wallschule-cloppenburg.de\/wp-content\/uploads\/2020\/02\/IMG_3977-768x576.jpeg 768w, https:\/\/www.wallschule-cloppenburg.de\/wp-content\/uploads\/2020\/02\/IMG_3977-1536x1152.jpeg 1536w, https:\/\/www.wallschule-cloppenburg.de\/wp-content\/uploads\/2020\/02\/IMG_3977.jpeg 2048w\" sizes=\"auto, (max-width: 300px) 100vw, 300px\" \/><\/a>\n<h4 class=\"pt-cv-title\"><a href=\"https:\/\/www.wallschule-cloppenburg.de\/?p=4908\" class=\"_self\" target=\"_self\" >Projekttage Klimaschutz 2020<\/a><\/h4>\n<div class=\"pt-cv-content\">Am 20. und 21. Februar 2020 fanden an der Wallschule Cloppenburg die Projekttage zum Thema Umwelt und Umweltschutz statt. In ...<br \/><div class=\"pt-cv-rmwrap\"><a href=\"https:\/\/www.wallschule-cloppenburg.de\/?p=4908\" class=\"_self pt-cv-readmore btn btn-success\" target=\"_self\">Weiterlesen\u00a0\u2026<\/a><\/div><\/div><\/div><\/div><\/div><\/div><\/div>\n<p>&nbsp;<\/p>\n<p>&nbsp;<\/p>\n<h5><strong>KliCs (Klimaschutz an Cloppenburger Schulen)im Schuljahr 2017\/ 2018<\/strong><\/h5>\n<p><img loading=\"lazy\" decoding=\"async\" class=\"alignnone size-medium wp-image-2311\" src=\"http:\/\/wallschule.medienzentrum-clp.de\/wp-content\/uploads\/2018\/04\/77790714-EF76-44F3-B7F5-D28846DAC120-169x300.jpeg\" alt=\"\" width=\"169\" height=\"300\" srcset=\"https:\/\/www.wallschule-cloppenburg.de\/wp-content\/uploads\/2018\/04\/77790714-EF76-44F3-B7F5-D28846DAC120-169x300.jpeg 169w, https:\/\/www.wallschule-cloppenburg.de\/wp-content\/uploads\/2018\/04\/77790714-EF76-44F3-B7F5-D28846DAC120-576x1024.jpeg 576w, https:\/\/www.wallschule-cloppenburg.de\/wp-content\/uploads\/2018\/04\/77790714-EF76-44F3-B7F5-D28846DAC120.jpeg 720w\" sizes=\"auto, (max-width: 169px) 100vw, 169px\" \/> <img loading=\"lazy\" decoding=\"async\" class=\"alignnone size-medium wp-image-2310\" src=\"http:\/\/wallschule.medienzentrum-clp.de\/wp-content\/uploads\/2018\/04\/35E612F6-8E57-4A8A-A523-BD3941FE1BAB-225x300.jpeg\" alt=\"\" width=\"225\" height=\"300\" srcset=\"https:\/\/www.wallschule-cloppenburg.de\/wp-content\/uploads\/2018\/04\/35E612F6-8E57-4A8A-A523-BD3941FE1BAB-225x300.jpeg 225w, https:\/\/www.wallschule-cloppenburg.de\/wp-content\/uploads\/2018\/04\/35E612F6-8E57-4A8A-A523-BD3941FE1BAB-768x1024.jpeg 768w, https:\/\/www.wallschule-cloppenburg.de\/wp-content\/uploads\/2018\/04\/35E612F6-8E57-4A8A-A523-BD3941FE1BAB.jpeg 774w\" sizes=\"auto, (max-width: 225px) 100vw, 225px\" \/> <img loading=\"lazy\" decoding=\"async\" class=\"alignnone size-medium wp-image-2304\" src=\"http:\/\/wallschule.medienzentrum-clp.de\/wp-content\/uploads\/2018\/04\/859AC8EC-089D-4706-A8E7-D243B1CD85A1-169x300.jpeg\" alt=\"\" width=\"169\" height=\"300\" srcset=\"https:\/\/www.wallschule-cloppenburg.de\/wp-content\/uploads\/2018\/04\/859AC8EC-089D-4706-A8E7-D243B1CD85A1-169x300.jpeg 169w, https:\/\/www.wallschule-cloppenburg.de\/wp-content\/uploads\/2018\/04\/859AC8EC-089D-4706-A8E7-D243B1CD85A1-576x1024.jpeg 576w, https:\/\/www.wallschule-cloppenburg.de\/wp-content\/uploads\/2018\/04\/859AC8EC-089D-4706-A8E7-D243B1CD85A1.jpeg 720w\" sizes=\"auto, (max-width: 169px) 100vw, 169px\" \/> <img loading=\"lazy\" decoding=\"async\" class=\"alignnone size-medium wp-image-2303\" src=\"http:\/\/wallschule.medienzentrum-clp.de\/wp-content\/uploads\/2018\/04\/854D96ED-297C-460E-A8A6-AEBEBAA6BB62-169x300.jpeg\" alt=\"\" width=\"169\" height=\"300\" srcset=\"https:\/\/www.wallschule-cloppenburg.de\/wp-content\/uploads\/2018\/04\/854D96ED-297C-460E-A8A6-AEBEBAA6BB62-169x300.jpeg 169w, https:\/\/www.wallschule-cloppenburg.de\/wp-content\/uploads\/2018\/04\/854D96ED-297C-460E-A8A6-AEBEBAA6BB62-576x1024.jpeg 576w, https:\/\/www.wallschule-cloppenburg.de\/wp-content\/uploads\/2018\/04\/854D96ED-297C-460E-A8A6-AEBEBAA6BB62.jpeg 720w\" sizes=\"auto, (max-width: 169px) 100vw, 169px\" \/> <img loading=\"lazy\" decoding=\"async\" class=\"alignnone size-medium wp-image-2302\" src=\"http:\/\/wallschule.medienzentrum-clp.de\/wp-content\/uploads\/2018\/04\/4DF9BF55-E82D-4428-89B7-4920AD3A6DA5-169x300.jpeg\" alt=\"\" width=\"169\" height=\"300\" srcset=\"https:\/\/www.wallschule-cloppenburg.de\/wp-content\/uploads\/2018\/04\/4DF9BF55-E82D-4428-89B7-4920AD3A6DA5-169x300.jpeg 169w, https:\/\/www.wallschule-cloppenburg.de\/wp-content\/uploads\/2018\/04\/4DF9BF55-E82D-4428-89B7-4920AD3A6DA5-576x1024.jpeg 576w, https:\/\/www.wallschule-cloppenburg.de\/wp-content\/uploads\/2018\/04\/4DF9BF55-E82D-4428-89B7-4920AD3A6DA5.jpeg 720w\" sizes=\"auto, (max-width: 169px) 100vw, 169px\" \/><\/p>\n","protected":false},"excerpt":{"rendered":"<p>&nbsp; &nbsp; Eindr\u00fccke der Projekte vergangener Schuljahre &nbsp; &nbsp; &nbsp; KliCs (Klimaschutz an Cloppenburger Schulen)im Schuljahr 2017\/ 2018<\/p>\n","protected":false},"author":1,"featured_media":0,"parent":19,"menu_order":7,"comment_status":"closed","ping_status":"closed","template":"","meta":{"_eb_attr":"","footnotes":""},"class_list":["post-121","page","type-page","status-publish"],"_links":{"self":[{"href":"https:\/\/www.wallschule-cloppenburg.de\/index.php?rest_route=\/wp\/v2\/pages\/121","targetHints":{"allow":["GET"]}}],"collection":[{"href":"https:\/\/www.wallschule-cloppenburg.de\/index.php?rest_route=\/wp\/v2\/pages"}],"about":[{"href":"https:\/\/www.wallschule-cloppenburg.de\/index.php?rest_route=\/wp\/v2\/types\/page"}],"author":[{"embeddable":true,"href":"https:\/\/www.wallschule-cloppenburg.de\/index.php?rest_route=\/wp\/v2\/users\/1"}],"replies":[{"embeddable":true,"href":"https:\/\/www.wallschule-cloppenburg.de\/index.php?rest_route=%2Fwp%2Fv2%2Fcomments&post=121"}],"version-history":[{"count":24,"href":"https:\/\/www.wallschule-cloppenburg.de\/index.php?rest_route=\/wp\/v2\/pages\/121\/revisions"}],"predecessor-version":[{"id":5034,"href":"https:\/\/www.wallschule-cloppenburg.de\/index.php?rest_route=\/wp\/v2\/pages\/121\/revisions\/5034"}],"up":[{"embeddable":true,"href":"https:\/\/www.wallschule-cloppenburg.de\/index.php?rest_route=\/wp\/v2\/pages\/19"}],"wp:attachment":[{"href":"https:\/\/www.wallschule-cloppenburg.de\/index.php?rest_route=%2Fwp%2Fv2%2Fmedia&parent=121"}],"curies":[{"name":"wp","href":"https:\/\/api.w.org\/{rel}","templated":true}]}}