{"id":2618,"date":"2019-02-04T20:14:41","date_gmt":"2019-02-04T18:14:41","guid":{"rendered":"http:\/\/wallschule.medienzentrum-clp.de\/?page_id=2618"},"modified":"2025-09-01T09:13:14","modified_gmt":"2025-09-01T07:13:14","slug":"unsere-klassen","status":"publish","type":"page","link":"https:\/\/www.wallschule-cloppenburg.de\/?page_id=2618","title":{"rendered":"Unsere Klassen im Schuljahr 2025\/2026"},"content":{"rendered":"\r\n\r\n\r\n\r\n\r\n<h4 class=\"wp-block-heading\">Klasse 1<\/h4>\r\n<p>1a (Fledermausklasse): Frau Meyer-Rosema<img loading=\"lazy\" decoding=\"async\" class=\" wp-image-6013 alignright\" src=\"https:\/\/www.wallschule-cloppenburg.de\/wp-content\/uploads\/2025\/08\/Fledermaus.png\" alt=\"\" width=\"276\" height=\"153\" srcset=\"https:\/\/www.wallschule-cloppenburg.de\/wp-content\/uploads\/2025\/08\/Fledermaus.png 1280w, https:\/\/www.wallschule-cloppenburg.de\/wp-content\/uploads\/2025\/08\/Fledermaus-300x166.png 300w, https:\/\/www.wallschule-cloppenburg.de\/wp-content\/uploads\/2025\/08\/Fledermaus-1024x568.png 1024w, https:\/\/www.wallschule-cloppenburg.de\/wp-content\/uploads\/2025\/08\/Fledermaus-768x426.png 768w\" sizes=\"auto, (max-width: 276px) 100vw, 276px\" \/><\/p>\r\n<p>1b (Seehundklasse): Frau M\u00fcnzebrock<\/p>\r\n<p>1c (Eichh\u00f6rnchenklasse): Frau Nuxoll<\/p>\r\n<p>1d (L\u00f6wenklasse): Frau Breher<\/p>\r\n<h4>Klasse 2<\/h4>\r\n<p>2a (Eulenklasse): Herr Privenau<img loading=\"lazy\" decoding=\"async\" class=\" wp-image-6014 alignright\" src=\"https:\/\/www.wallschule-cloppenburg.de\/wp-content\/uploads\/2025\/08\/Seehund.png\" alt=\"\" width=\"187\" height=\"265\" srcset=\"https:\/\/www.wallschule-cloppenburg.de\/wp-content\/uploads\/2025\/08\/Seehund.png 905w, https:\/\/www.wallschule-cloppenburg.de\/wp-content\/uploads\/2025\/08\/Seehund-212x300.png 212w, https:\/\/www.wallschule-cloppenburg.de\/wp-content\/uploads\/2025\/08\/Seehund-724x1024.png 724w, https:\/\/www.wallschule-cloppenburg.de\/wp-content\/uploads\/2025\/08\/Seehund-768x1086.png 768w\" sizes=\"auto, (max-width: 187px) 100vw, 187px\" \/><\/p>\r\n<p>2b (Fuchsklasse): Frau Berndmeyer<\/p>\r\n<p>2c (Kolibriklasse): Frau Brozio<\/p>\r\n<h4>Klasse 3<\/h4>\r\n<p>3a (Marienk\u00e4ferklasse): Frau Ballmann<\/p>\r\n<p>3b (Katzenklasse): Frau Bollwinkel<\/p>\r\n<p>3c (Walklasse): Frau Kl\u00e4ne-Menke<img loading=\"lazy\" decoding=\"async\" class=\" wp-image-6012 alignright\" src=\"https:\/\/www.wallschule-cloppenburg.de\/wp-content\/uploads\/2025\/08\/Eichhoernchen.png\" alt=\"\" width=\"159\" height=\"161\" srcset=\"https:\/\/www.wallschule-cloppenburg.de\/wp-content\/uploads\/2025\/08\/Eichhoernchen.png 631w, https:\/\/www.wallschule-cloppenburg.de\/wp-content\/uploads\/2025\/08\/Eichhoernchen-296x300.png 296w\" sizes=\"auto, (max-width: 159px) 100vw, 159px\" \/><\/p>\r\n<p>3d (Bienenklasse): Frau M\u00f6ller-Gerdes<\/p>\r\n<h4>Klasse 4<\/h4>\r\n<p>4a (Froschklasse): Frau Schewe<\/p>\r\n<h4><img loading=\"lazy\" decoding=\"async\" class=\" wp-image-3511 alignright\" src=\"https:\/\/www.wallschule-cloppenburg.de\/wp-content\/uploads\/2020\/08\/Loewe.png\" alt=\"\" width=\"179\" height=\"240\" srcset=\"https:\/\/www.wallschule-cloppenburg.de\/wp-content\/uploads\/2020\/08\/Loewe.png 479w, https:\/\/www.wallschule-cloppenburg.de\/wp-content\/uploads\/2020\/08\/Loewe-225x300.png 225w\" sizes=\"auto, (max-width: 179px) 100vw, 179px\" \/><\/h4>\r\n<p>4b (Eselklasse): Frau Dr\u00fccker<\/p>\r\n<p>4c (Pinguinklasse): Frau Schiller<\/p>\r\n<p>4d (Koalaklasse): Frau Raker<\/p>\r\n\r\n\r\n\r\n\r\n\r\n\r\n\r\n\r\n\r\n<p>&nbsp;<\/p>\r\n\r\n\r\n\r\n<h4 class=\"wp-block-heading\">Kooperationsklasse Vincenzhaus<\/h4>\r\n\r\n\r\n\r\n<p>Elefantenklasse: Frau Arndt<\/p>\r\n<p>&nbsp;<\/p>\r\n\r\n\r\n\r\n<h4 class=\"wp-block-heading\">au\u00dferdem unterrichten noch<\/h4>\r\n\r\n\r\n\r\n<p>Frau Niemeyer (Schulleiterin)<\/p>\r\n<p>Frau Zweigert (stellvertr. Schulleiterin)<\/p>\r\n\r\n\r\n\r\n\r\n\r\n\r\n\r\n<p>Frau Niem\u00f6ller (derzeit abgeordnet)<\/p>\r\n<p>Frau Lilienthal<\/p>\r\n<p>Frau Baun (Lehramtsanw\u00e4rterin)<\/p>\r\n\r\n\r\n\r\n<p>&nbsp;<\/p>\r\n\r\n\r\n","protected":false},"excerpt":{"rendered":"<p>Klasse 1 1a (Fledermausklasse): Frau Meyer-Rosema 1b (Seehundklasse): Frau M\u00fcnzebrock 1c (Eichh\u00f6rnchenklasse): Frau Nuxoll 1d (L\u00f6wenklasse): Frau Breher Klasse 2 2a (Eulenklasse): Herr Privenau 2b (Fuchsklasse): Frau Berndmeyer 2c (Kolibriklasse): Frau Brozio Klasse 3 3a (Marienk\u00e4ferklasse): Frau Ballmann 3b (Katzenklasse): Frau Bollwinkel 3c (Walklasse): Frau Kl\u00e4ne-Menke 3d (Bienenklasse): Frau M\u00f6ller-Gerdes Klasse 4 4a (Froschklasse): Frau &#8230; <a title=\"Unsere Klassen im Schuljahr 2025\/2026\" class=\"read-more\" href=\"https:\/\/www.wallschule-cloppenburg.de\/?page_id=2618\" aria-label=\"Mehr Informationen \u00fcber Unsere Klassen im Schuljahr 2025\/2026\">Weiterlesen<\/a><\/p>\n","protected":false},"author":4,"featured_media":0,"parent":19,"menu_order":5,"comment_status":"closed","ping_status":"closed","template":"","meta":{"_eb_attr":"","footnotes":""},"class_list":["post-2618","page","type-page","status-publish"],"_links":{"self":[{"href":"https:\/\/www.wallschule-cloppenburg.de\/index.php?rest_route=\/wp\/v2\/pages\/2618","targetHints":{"allow":["GET"]}}],"collection":[{"href":"https:\/\/www.wallschule-cloppenburg.de\/index.php?rest_route=\/wp\/v2\/pages"}],"about":[{"href":"https:\/\/www.wallschule-cloppenburg.de\/index.php?rest_route=\/wp\/v2\/types\/page"}],"author":[{"embeddable":true,"href":"https:\/\/www.wallschule-cloppenburg.de\/index.php?rest_route=\/wp\/v2\/users\/4"}],"replies":[{"embeddable":true,"href":"https:\/\/www.wallschule-cloppenburg.de\/index.php?rest_route=%2Fwp%2Fv2%2Fcomments&post=2618"}],"version-history":[{"count":32,"href":"https:\/\/www.wallschule-cloppenburg.de\/index.php?rest_route=\/wp\/v2\/pages\/2618\/revisions"}],"predecessor-version":[{"id":6053,"href":"https:\/\/www.wallschule-cloppenburg.de\/index.php?rest_route=\/wp\/v2\/pages\/2618\/revisions\/6053"}],"up":[{"embeddable":true,"href":"https:\/\/www.wallschule-cloppenburg.de\/index.php?rest_route=\/wp\/v2\/pages\/19"}],"wp:attachment":[{"href":"https:\/\/www.wallschule-cloppenburg.de\/index.php?rest_route=%2Fwp%2Fv2%2Fmedia&parent=2618"}],"curies":[{"name":"wp","href":"https:\/\/api.w.org\/{rel}","templated":true}]}}