{"id":2901,"date":"2019-03-18T19:26:46","date_gmt":"2019-03-18T17:26:46","guid":{"rendered":"http:\/\/wallschule.medienzentrum-clp.de\/?page_id=2901"},"modified":"2023-07-24T17:28:15","modified_gmt":"2023-07-24T15:28:15","slug":"beitraege-2015","status":"publish","type":"page","link":"https:\/\/www.wallschule-cloppenburg.de\/?page_id=2901","title":{"rendered":"Beitr\u00e4ge 2015"},"content":{"rendered":"<div class=\"pt-cv-wrapper\"><div class=\"pt-cv-view pt-cv-grid pt-cv-colsys\" id=\"pt-cv-view-2dca582rk1\"><div data-id=\"pt-cv-page-1\" class=\"pt-cv-page\" data-cvc=\"2\"><div class=\"col-md-6 col-sm-6 col-xs-12 pt-cv-content-item pt-cv-1-col\" ><div class='pt-cv-ifield'><h4 class=\"pt-cv-title\"><a href=\"https:\/\/www.wallschule-cloppenburg.de\/?p=1175\" class=\"_self\" target=\"_self\" >Der Nikolaus in der Wallschule<\/a><\/h4>\n<div class=\"pt-cv-content\">Mit Liedern und Gedichten wurde am 07. Dezember der Nikolaus in der Wallschule begr\u00fc\u00dft. Er erfreute die Kinder nicht nur ...<br \/><div class=\"pt-cv-rmwrap\"><a href=\"https:\/\/www.wallschule-cloppenburg.de\/?p=1175\" class=\"_self pt-cv-readmore btn btn-success\" target=\"_self\">Weiterlesen \u2026<\/a><\/div><\/div><\/div><\/div>\n<div class=\"col-md-6 col-sm-6 col-xs-12 pt-cv-content-item pt-cv-1-col\" ><div class='pt-cv-ifield'><h4 class=\"pt-cv-title\"><a href=\"https:\/\/www.wallschule-cloppenburg.de\/?p=1121\" class=\"_self\" target=\"_self\" >Artikel der NWZ \u00fcber unser Schulfest<\/a><\/h4>\n<div class=\"pt-cv-content\">Artikel auf NWZonline vom 29.06.2015 ...<br \/><div class=\"pt-cv-rmwrap\"><a href=\"https:\/\/www.wallschule-cloppenburg.de\/?p=1121\" class=\"_self pt-cv-readmore btn btn-success\" target=\"_self\">Weiterlesen \u2026<\/a><\/div><\/div><\/div><\/div>\n<div class=\"col-md-6 col-sm-6 col-xs-12 pt-cv-content-item pt-cv-1-col\" ><div class='pt-cv-ifield'><h4 class=\"pt-cv-title\"><a href=\"https:\/\/www.wallschule-cloppenburg.de\/?p=803\" class=\"_self\" target=\"_self\" >Fr\u00fchlingskonzert des Chors im Piusstift<\/a><\/h4>\n<div class=\"pt-cv-content\">Die Chorkinder der Wallschule haben am 21. Mai ihr Fr\u00fchlingskonzert im Pius-Stift gegeben. Die Senioren und zuh\u00f6renden Eltern in der ...<br \/><div class=\"pt-cv-rmwrap\"><a href=\"https:\/\/www.wallschule-cloppenburg.de\/?p=803\" class=\"_self pt-cv-readmore btn btn-success\" target=\"_self\">Weiterlesen \u2026<\/a><\/div><\/div><\/div><\/div>\n<div class=\"col-md-6 col-sm-6 col-xs-12 pt-cv-content-item pt-cv-1-col\" ><div class='pt-cv-ifield'><h4 class=\"pt-cv-title\"><a href=\"https:\/\/www.wallschule-cloppenburg.de\/?p=769\" class=\"_self\" target=\"_self\" >K\u00e4nguru<\/a><\/h4>\n<div class=\"pt-cv-content\">Am Freitag fand die Verleihung der Preise des K\u00e4nguru Mathematik Wettbewerbes statt. 37 Sch\u00fcler_innen der 3. und 4. Klasse haben ...<br \/><div class=\"pt-cv-rmwrap\"><a href=\"https:\/\/www.wallschule-cloppenburg.de\/?p=769\" class=\"_self pt-cv-readmore btn btn-success\" target=\"_self\">Weiterlesen \u2026<\/a><\/div><\/div><\/div><\/div>\n<div class=\"col-md-6 col-sm-6 col-xs-12 pt-cv-content-item pt-cv-1-col\" ><div class='pt-cv-ifield'><h4 class=\"pt-cv-title\"><a href=\"https:\/\/www.wallschule-cloppenburg.de\/?p=727\" class=\"_self\" target=\"_self\" >K\u00e4nguru-Wettbewerb<\/a><\/h4>\n<div class=\"pt-cv-content\">K\u00e4nguru - Wettbewerb In der neuen Mensa haben am 19. M\u00e4rz die K\u00f6pfe geraucht. Es stand der K\u00e4nguru-Wettbewerb an und ...<br \/><div class=\"pt-cv-rmwrap\"><a href=\"https:\/\/www.wallschule-cloppenburg.de\/?p=727\" class=\"_self pt-cv-readmore btn btn-success\" target=\"_self\">Weiterlesen \u2026<\/a><\/div><\/div><\/div><\/div>\n<div class=\"col-md-6 col-sm-6 col-xs-12 pt-cv-content-item pt-cv-1-col\" ><div class='pt-cv-ifield'><h4 class=\"pt-cv-title\"><a href=\"https:\/\/www.wallschule-cloppenburg.de\/?p=722\" class=\"_self\" target=\"_self\" >KliCS<\/a><\/h4>\n<div class=\"pt-cv-content\">Die Fotos des diesj\u00e4hrigen KliCS-Tages (Klimaschutz an Cloppenburger Schulen) sind online. Siehe #Sch\u00fcler#Projekte! ...<br \/><div class=\"pt-cv-rmwrap\"><a href=\"https:\/\/www.wallschule-cloppenburg.de\/?p=722\" class=\"_self pt-cv-readmore btn btn-success\" target=\"_self\">Weiterlesen \u2026<\/a><\/div><\/div><\/div><\/div><\/div><\/div><\/div>\n","protected":false},"excerpt":{"rendered":"","protected":false},"author":4,"featured_media":0,"parent":2463,"menu_order":8,"comment_status":"closed","ping_status":"closed","template":"","meta":{"_eb_attr":"","footnotes":""},"class_list":["post-2901","page","type-page","status-publish"],"_links":{"self":[{"href":"https:\/\/www.wallschule-cloppenburg.de\/index.php?rest_route=\/wp\/v2\/pages\/2901","targetHints":{"allow":["GET"]}}],"collection":[{"href":"https:\/\/www.wallschule-cloppenburg.de\/index.php?rest_route=\/wp\/v2\/pages"}],"about":[{"href":"https:\/\/www.wallschule-cloppenburg.de\/index.php?rest_route=\/wp\/v2\/types\/page"}],"author":[{"embeddable":true,"href":"https:\/\/www.wallschule-cloppenburg.de\/index.php?rest_route=\/wp\/v2\/users\/4"}],"replies":[{"embeddable":true,"href":"https:\/\/www.wallschule-cloppenburg.de\/index.php?rest_route=%2Fwp%2Fv2%2Fcomments&post=2901"}],"version-history":[{"count":1,"href":"https:\/\/www.wallschule-cloppenburg.de\/index.php?rest_route=\/wp\/v2\/pages\/2901\/revisions"}],"predecessor-version":[{"id":2903,"href":"https:\/\/www.wallschule-cloppenburg.de\/index.php?rest_route=\/wp\/v2\/pages\/2901\/revisions\/2903"}],"up":[{"embeddable":true,"href":"https:\/\/www.wallschule-cloppenburg.de\/index.php?rest_route=\/wp\/v2\/pages\/2463"}],"wp:attachment":[{"href":"https:\/\/www.wallschule-cloppenburg.de\/index.php?rest_route=%2Fwp%2Fv2%2Fmedia&parent=2901"}],"curies":[{"name":"wp","href":"https:\/\/api.w.org\/{rel}","templated":true}]}}

Beiträge 2015

<div class="pt-cv-wrapper"><div class="pt-cv-view pt-cv-grid pt-cv-colsys" id="pt-cv-view-2dca582rk1"><div data-id="pt-cv-page-1" class="pt-cv-page" data-cvc="2"><div class="col-md-6 col-sm-6 col-xs-12 pt-cv-content-item pt-cv-1-col" ><div class='pt-cv-ifield'><h4 class="pt-cv-title"><a href="https://www.wallschule-cloppenburg.de/?p=1175" class="_self" target="_self" >Der Nikolaus in der Wallschule</a></h4>
<div class="pt-cv-content">Mit Liedern und Gedichten wurde am 07. Dezember der Nikolaus in der Wallschule begrüßt. Er erfreute die Kinder nicht nur ...<br /><div class="pt-cv-rmwrap"><a href="https://www.wallschule-cloppenburg.de/?p=1175" class="_self pt-cv-readmore btn btn-success" target="_self">Weiterlesen …</a></div></div></div></div>
<div class="col-md-6 col-sm-6 col-xs-12 pt-cv-content-item pt-cv-1-col" ><div class='pt-cv-ifield'><h4 class="pt-cv-title"><a href="https://www.wallschule-cloppenburg.de/?p=1121" class="_self" target="_self" >Artikel der NWZ über unser Schulfest</a></h4>
<div class="pt-cv-content">Artikel auf NWZonline vom 29.06.2015 ...<br /><div class="pt-cv-rmwrap"><a href="https://www.wallschule-cloppenburg.de/?p=1121" class="_self pt-cv-readmore btn btn-success" target="_self">Weiterlesen …</a></div></div></div></div>
<div class="col-md-6 col-sm-6 col-xs-12 pt-cv-content-item pt-cv-1-col" ><div class='pt-cv-ifield'><h4 class="pt-cv-title"><a href="https://www.wallschule-cloppenburg.de/?p=803" class="_self" target="_self" >Frühlingskonzert des Chors im Piusstift</a></h4>
<div class="pt-cv-content">Die Chorkinder der Wallschule haben am 21. Mai ihr Frühlingskonzert im Pius-Stift gegeben. Die Senioren und zuhörenden Eltern in der ...<br /><div class="pt-cv-rmwrap"><a href="https://www.wallschule-cloppenburg.de/?p=803" class="_self pt-cv-readmore btn btn-success" target="_self">Weiterlesen …</a></div></div></div></div>
<div class="col-md-6 col-sm-6 col-xs-12 pt-cv-content-item pt-cv-1-col" ><div class='pt-cv-ifield'><h4 class="pt-cv-title"><a href="https://www.wallschule-cloppenburg.de/?p=769" class="_self" target="_self" >Känguru</a></h4>
<div class="pt-cv-content">Am Freitag fand die Verleihung der Preise des Känguru Mathematik Wettbewerbes statt. 37 Schüler_innen der 3. und 4. Klasse haben ...<br /><div class="pt-cv-rmwrap"><a href="https://www.wallschule-cloppenburg.de/?p=769" class="_self pt-cv-readmore btn btn-success" target="_self">Weiterlesen …</a></div></div></div></div>
<div class="col-md-6 col-sm-6 col-xs-12 pt-cv-content-item pt-cv-1-col" ><div class='pt-cv-ifield'><h4 class="pt-cv-title"><a href="https://www.wallschule-cloppenburg.de/?p=727" class="_self" target="_self" >Känguru-Wettbewerb</a></h4>
<div class="pt-cv-content">Känguru - Wettbewerb In der neuen Mensa haben am 19. März die Köpfe geraucht. Es stand der Känguru-Wettbewerb an und ...<br /><div class="pt-cv-rmwrap"><a href="https://www.wallschule-cloppenburg.de/?p=727" class="_self pt-cv-readmore btn btn-success" target="_self">Weiterlesen …</a></div></div></div></div>
<div class="col-md-6 col-sm-6 col-xs-12 pt-cv-content-item pt-cv-1-col" ><div class='pt-cv-ifield'><h4 class="pt-cv-title"><a href="https://www.wallschule-cloppenburg.de/?p=722" class="_self" target="_self" >KliCS</a></h4>
<div class="pt-cv-content">Die Fotos des diesjährigen KliCS-Tages (Klimaschutz an Cloppenburger Schulen) sind online. Siehe #Schüler#Projekte! ...<br /><div class="pt-cv-rmwrap"><a href="https://www.wallschule-cloppenburg.de/?p=722" class="_self pt-cv-readmore btn btn-success" target="_self">Weiterlesen …</a></div></div></div></div></div></div></div>
