{"id":3389,"date":"2020-04-21T13:34:04","date_gmt":"2020-04-21T11:34:04","guid":{"rendered":"https:\/\/www.wallschule-cloppenburg.de\/?page_id=3389"},"modified":"2024-07-13T11:45:28","modified_gmt":"2024-07-13T09:45:28","slug":"schulsozialarbeit","status":"publish","type":"page","link":"https:\/\/www.wallschule-cloppenburg.de\/?page_id=3389","title":{"rendered":"Schulsozialarbeit"},"content":{"rendered":"<p><img loading=\"lazy\" decoding=\"async\" class=\"alignnone wp-image-5171\" src=\"https:\/\/www.wallschule-cloppenburg.de\/wp-content\/uploads\/2023\/11\/Foto-fuer-Homepage-11.23.jpg\" alt=\"\" width=\"267\" height=\"304\" srcset=\"https:\/\/www.wallschule-cloppenburg.de\/wp-content\/uploads\/2023\/11\/Foto-fuer-Homepage-11.23.jpg 2241w, https:\/\/www.wallschule-cloppenburg.de\/wp-content\/uploads\/2023\/11\/Foto-fuer-Homepage-11.23-264x300.jpg 264w, https:\/\/www.wallschule-cloppenburg.de\/wp-content\/uploads\/2023\/11\/Foto-fuer-Homepage-11.23-901x1024.jpg 901w, https:\/\/www.wallschule-cloppenburg.de\/wp-content\/uploads\/2023\/11\/Foto-fuer-Homepage-11.23-768x873.jpg 768w, https:\/\/www.wallschule-cloppenburg.de\/wp-content\/uploads\/2023\/11\/Foto-fuer-Homepage-11.23-1352x1536.jpg 1352w, https:\/\/www.wallschule-cloppenburg.de\/wp-content\/uploads\/2023\/11\/Foto-fuer-Homepage-11.23-1803x2048.jpg 1803w\" sizes=\"auto, (max-width: 267px) 100vw, 267px\" \/><\/p>\n<p>Liebe Eltern,<\/p>\n<p>mein Name ist Anika Brinkmann und ich arbeite als Schulsozialarbeiterin an der Wallschule.<\/p>\n<p>Ich m\u00f6chte Ihnen gerne meine Arbeit vorstellen, denn ich bin auch Ansprechpartnerin f\u00fcr Sie als Eltern.<\/p>\n<p>Zu meinen Aufgaben geh\u00f6ren:<\/p>\n<p><strong>\u00a0\u00a0\u00a0\u00a0\u00a0\u00a0 St\u00e4rkung sozialer Kompetenzen<\/strong><\/p>\n<ul>\n<li>Soziales Training zu Themen wie: Gef\u00fchle, Freundschaft, Mobbing, Gewalt, Verhalten, L\u00f6sen von Problemen, Abgrenzung, Werte und Normen<\/li>\n<li>Pr\u00e4ventive Projekte und Ma\u00dfnahmen in der Klasse, in kleinen Gruppen oder als Einzelhilfe<\/li>\n<\/ul>\n<p><strong>\u00a0\u00a0\u00a0\u00a0\u00a0\u00a0 Beratung und Einzelfallhilfe<\/strong><\/p>\n<ul>\n<li>Beratung von Sch\u00fcler:innen und Eltern bei Problemen in der Schule oder in der Familie<\/li>\n<li>Hilfe bei der Suche nach Angeboten f\u00fcr Kinder und Familien<\/li>\n<li>individuelle Unterst\u00fctzung<\/li>\n<\/ul>\n<p>Brauchen Sie als Eltern Hilfe und Unterst\u00fctzung bei Sorgen und N\u00f6ten, oder auch Hilfe in schwierigen Lebenssituationen, bin ich gerne f\u00fcr sie da. Mein Angebot ist vertraulich!<\/p>\n<p>Wenn Sie Fragen haben, melden sie sich gerne bei mir. Auch \u00fcber Ideen und Anregungen w\u00fcrde ich mich freuen.<\/p>\n<p>Meine Kontaktdaten:<\/p>\n<p><img loading=\"lazy\" decoding=\"async\" class=\"alignnone wp-image-5198\" src=\"https:\/\/www.wallschule-cloppenburg.de\/wp-content\/uploads\/2023\/12\/Kontaktdaten-neu.png\" alt=\"\" width=\"433\" height=\"92\" srcset=\"https:\/\/www.wallschule-cloppenburg.de\/wp-content\/uploads\/2023\/12\/Kontaktdaten-neu.png 556w, https:\/\/www.wallschule-cloppenburg.de\/wp-content\/uploads\/2023\/12\/Kontaktdaten-neu-300x64.png 300w\" sizes=\"auto, (max-width: 433px) 100vw, 433px\" \/><\/p>\n<p>&nbsp;<\/p>\n<p>Ich freue mich auf eine vertrauensvolle Zusammenarbeit mit Ihnen und Ihren Kindern.<\/p>\n<p>Anika Brinkmann<\/p>\n<p>&nbsp;<\/p>\n<p>&nbsp;<\/p>\n","protected":false},"excerpt":{"rendered":"<p>Liebe Eltern, mein Name ist Anika Brinkmann und ich arbeite als Schulsozialarbeiterin an der Wallschule. Ich m\u00f6chte Ihnen gerne meine Arbeit vorstellen, denn ich bin auch Ansprechpartnerin f\u00fcr Sie als Eltern. Zu meinen Aufgaben geh\u00f6ren: \u00a0\u00a0\u00a0\u00a0\u00a0\u00a0 St\u00e4rkung sozialer Kompetenzen Soziales Training zu Themen wie: Gef\u00fchle, Freundschaft, Mobbing, Gewalt, Verhalten, L\u00f6sen von Problemen, Abgrenzung, Werte und &#8230; <a title=\"Schulsozialarbeit\" class=\"read-more\" href=\"https:\/\/www.wallschule-cloppenburg.de\/?page_id=3389\" aria-label=\"Mehr Informationen \u00fcber Schulsozialarbeit\">Weiterlesen<\/a><\/p>\n","protected":false},"author":4,"featured_media":0,"parent":19,"menu_order":8,"comment_status":"closed","ping_status":"closed","template":"","meta":{"_eb_attr":"","footnotes":""},"class_list":["post-3389","page","type-page","status-publish"],"_links":{"self":[{"href":"https:\/\/www.wallschule-cloppenburg.de\/index.php?rest_route=\/wp\/v2\/pages\/3389","targetHints":{"allow":["GET"]}}],"collection":[{"href":"https:\/\/www.wallschule-cloppenburg.de\/index.php?rest_route=\/wp\/v2\/pages"}],"about":[{"href":"https:\/\/www.wallschule-cloppenburg.de\/index.php?rest_route=\/wp\/v2\/types\/page"}],"author":[{"embeddable":true,"href":"https:\/\/www.wallschule-cloppenburg.de\/index.php?rest_route=\/wp\/v2\/users\/4"}],"replies":[{"embeddable":true,"href":"https:\/\/www.wallschule-cloppenburg.de\/index.php?rest_route=%2Fwp%2Fv2%2Fcomments&post=3389"}],"version-history":[{"count":17,"href":"https:\/\/www.wallschule-cloppenburg.de\/index.php?rest_route=\/wp\/v2\/pages\/3389\/revisions"}],"predecessor-version":[{"id":5199,"href":"https:\/\/www.wallschule-cloppenburg.de\/index.php?rest_route=\/wp\/v2\/pages\/3389\/revisions\/5199"}],"up":[{"embeddable":true,"href":"https:\/\/www.wallschule-cloppenburg.de\/index.php?rest_route=\/wp\/v2\/pages\/19"}],"wp:attachment":[{"href":"https:\/\/www.wallschule-cloppenburg.de\/index.php?rest_route=%2Fwp%2Fv2%2Fmedia&parent=3389"}],"curies":[{"name":"wp","href":"https:\/\/api.w.org\/{rel}","templated":true}]}}