{"id":3585,"date":"2020-10-18T12:42:30","date_gmt":"2020-10-18T10:42:30","guid":{"rendered":"https:\/\/www.wallschule-cloppenburg.de\/?page_id=3585"},"modified":"2025-08-04T10:44:40","modified_gmt":"2025-08-04T08:44:40","slug":"schuljahr-2020-2021","status":"publish","type":"page","link":"https:\/\/www.wallschule-cloppenburg.de\/?page_id=3585","title":{"rendered":"Schuljahr 2020\/2021"},"content":{"rendered":"<p>&nbsp;<\/p>\n<p>&nbsp;<\/p>\n<div class=\"pt-cv-wrapper\"><div class=\"pt-cv-view pt-cv-grid pt-cv-colsys\" id=\"pt-cv-view-3a1b49exy0\"><div data-id=\"pt-cv-page-1\" class=\"pt-cv-page\" data-cvc=\"2\"><div class=\"col-md-6 col-sm-6 col-xs-12 pt-cv-content-item pt-cv-1-col\" ><div class='pt-cv-ifield'><a href=\"https:\/\/www.wallschule-cloppenburg.de\/?p=3907\" class=\"_self pt-cv-href-thumbnail pt-cv-thumb-default\" target=\"_self\" ><img loading=\"lazy\" decoding=\"async\" width=\"300\" height=\"169\" src=\"https:\/\/www.wallschule-cloppenburg.de\/wp-content\/uploads\/2021\/06\/A484A3C2-FFC7-4B0A-A62F-43C424A1E3BE-e1623683951764-300x169.jpeg\" class=\"pt-cv-thumbnail\" alt=\"\" srcset=\"https:\/\/www.wallschule-cloppenburg.de\/wp-content\/uploads\/2021\/06\/A484A3C2-FFC7-4B0A-A62F-43C424A1E3BE-e1623683951764-300x169.jpeg 300w, https:\/\/www.wallschule-cloppenburg.de\/wp-content\/uploads\/2021\/06\/A484A3C2-FFC7-4B0A-A62F-43C424A1E3BE-e1623683951764-1024x576.jpeg 1024w, https:\/\/www.wallschule-cloppenburg.de\/wp-content\/uploads\/2021\/06\/A484A3C2-FFC7-4B0A-A62F-43C424A1E3BE-e1623683951764-768x432.jpeg 768w, https:\/\/www.wallschule-cloppenburg.de\/wp-content\/uploads\/2021\/06\/A484A3C2-FFC7-4B0A-A62F-43C424A1E3BE-e1623683951764-1536x864.jpeg 1536w, https:\/\/www.wallschule-cloppenburg.de\/wp-content\/uploads\/2021\/06\/A484A3C2-FFC7-4B0A-A62F-43C424A1E3BE-e1623683951764.jpeg 1600w\" sizes=\"auto, (max-width: 300px) 100vw, 300px\" \/><\/a>\n<h4 class=\"pt-cv-title\"><a href=\"https:\/\/www.wallschule-cloppenburg.de\/?p=3907\" class=\"_self\" target=\"_self\" >Buch\/- Leseprojekt : &#8220; Der magische Kalender&#8220; von Armin Pongs<\/a><\/h4>\n<div class=\"pt-cv-content\">Die Kinder des 4. Jahrgangs der Wallschule nehmen derzeit an einem Buch-, bzw. Leseprojekt des Kinderbuchautors Armin Pongs teil. Ab ...<br \/><div class=\"pt-cv-rmwrap\"><a href=\"https:\/\/www.wallschule-cloppenburg.de\/?p=3907\" class=\"_self pt-cv-readmore btn btn-success\" target=\"_self\">Weiterlesen \u2026<\/a><\/div><\/div><\/div><\/div>\n<div class=\"col-md-6 col-sm-6 col-xs-12 pt-cv-content-item pt-cv-1-col\" ><div class='pt-cv-ifield'><a href=\"https:\/\/www.wallschule-cloppenburg.de\/?p=3893\" class=\"_self pt-cv-href-thumbnail pt-cv-thumb-default\" target=\"_self\" ><img loading=\"lazy\" decoding=\"async\" width=\"300\" height=\"224\" src=\"https:\/\/www.wallschule-cloppenburg.de\/wp-content\/uploads\/2021\/06\/steam-4396854_640-300x224.png\" class=\"pt-cv-thumbnail\" alt=\"\" srcset=\"https:\/\/www.wallschule-cloppenburg.de\/wp-content\/uploads\/2021\/06\/steam-4396854_640-300x224.png 300w, https:\/\/www.wallschule-cloppenburg.de\/wp-content\/uploads\/2021\/06\/steam-4396854_640.png 640w\" sizes=\"auto, (max-width: 300px) 100vw, 300px\" \/><\/a>\n<h4 class=\"pt-cv-title\"><a href=\"https:\/\/www.wallschule-cloppenburg.de\/?p=3893\" class=\"_self\" target=\"_self\" >Erfinderkartons<\/a><\/h4>\n<div class=\"pt-cv-content\">Im Rahmen des Sachunterrichts bereiteten die Kinder des 4. Jahrgangs in einem Schuhkarton eine Pr\u00e4sentation zum Thema \"Erfinder und ihre ...<br \/><div class=\"pt-cv-rmwrap\"><a href=\"https:\/\/www.wallschule-cloppenburg.de\/?p=3893\" class=\"_self pt-cv-readmore btn btn-success\" target=\"_self\">Weiterlesen \u2026<\/a><\/div><\/div><\/div><\/div>\n<div class=\"col-md-6 col-sm-6 col-xs-12 pt-cv-content-item pt-cv-1-col\" ><div class='pt-cv-ifield'><a href=\"https:\/\/www.wallschule-cloppenburg.de\/?p=3539\" class=\"_self pt-cv-href-thumbnail pt-cv-thumb-default\" target=\"_self\" ><img loading=\"lazy\" decoding=\"async\" width=\"300\" height=\"200\" src=\"https:\/\/www.wallschule-cloppenburg.de\/wp-content\/uploads\/2020\/08\/IMG_4230neu-300x200.jpg\" class=\"pt-cv-thumbnail\" alt=\"\" srcset=\"https:\/\/www.wallschule-cloppenburg.de\/wp-content\/uploads\/2020\/08\/IMG_4230neu-300x200.jpg 300w, https:\/\/www.wallschule-cloppenburg.de\/wp-content\/uploads\/2020\/08\/IMG_4230neu.jpg 400w\" sizes=\"auto, (max-width: 300px) 100vw, 300px\" \/><\/a>\n<h4 class=\"pt-cv-title\"><a href=\"https:\/\/www.wallschule-cloppenburg.de\/?p=3539\" class=\"_self\" target=\"_self\" >Einschulung 2020<\/a><\/h4>\n<div class=\"pt-cv-content\">Am 29. August 2020 wurden die neuen Erstkl\u00e4sslerinnen und Erstkl\u00e4ssler endlich eingeschult! Coronabedingt fanden die Einschulungsfeiern f\u00fcr die einzelnen Klassen ...<br \/><div class=\"pt-cv-rmwrap\"><a href=\"https:\/\/www.wallschule-cloppenburg.de\/?p=3539\" class=\"_self pt-cv-readmore btn btn-success\" target=\"_self\">Weiterlesen \u2026<\/a><\/div><\/div><\/div><\/div><\/div><\/div><\/div>\n","protected":false},"excerpt":{"rendered":"<p>&nbsp; &nbsp;<\/p>\n","protected":false},"author":4,"featured_media":0,"parent":2463,"menu_order":5,"comment_status":"closed","ping_status":"closed","template":"","meta":{"_eb_attr":"","footnotes":""},"class_list":["post-3585","page","type-page","status-publish"],"_links":{"self":[{"href":"https:\/\/www.wallschule-cloppenburg.de\/index.php?rest_route=\/wp\/v2\/pages\/3585","targetHints":{"allow":["GET"]}}],"collection":[{"href":"https:\/\/www.wallschule-cloppenburg.de\/index.php?rest_route=\/wp\/v2\/pages"}],"about":[{"href":"https:\/\/www.wallschule-cloppenburg.de\/index.php?rest_route=\/wp\/v2\/types\/page"}],"author":[{"embeddable":true,"href":"https:\/\/www.wallschule-cloppenburg.de\/index.php?rest_route=\/wp\/v2\/users\/4"}],"replies":[{"embeddable":true,"href":"https:\/\/www.wallschule-cloppenburg.de\/index.php?rest_route=%2Fwp%2Fv2%2Fcomments&post=3585"}],"version-history":[{"count":3,"href":"https:\/\/www.wallschule-cloppenburg.de\/index.php?rest_route=\/wp\/v2\/pages\/3585\/revisions"}],"predecessor-version":[{"id":4922,"href":"https:\/\/www.wallschule-cloppenburg.de\/index.php?rest_route=\/wp\/v2\/pages\/3585\/revisions\/4922"}],"up":[{"embeddable":true,"href":"https:\/\/www.wallschule-cloppenburg.de\/index.php?rest_route=\/wp\/v2\/pages\/2463"}],"wp:attachment":[{"href":"https:\/\/www.wallschule-cloppenburg.de\/index.php?rest_route=%2Fwp%2Fv2%2Fmedia&parent=3585"}],"curies":[{"name":"wp","href":"https:\/\/api.w.org\/{rel}","templated":true}]}}

<p>&nbsp;</p>
<p>&nbsp;</p>
<div class="pt-cv-wrapper"><div class="pt-cv-view pt-cv-grid pt-cv-colsys" id="pt-cv-view-3a1b49exy0"><div data-id="pt-cv-page-1" class="pt-cv-page" data-cvc="2"><div class="col-md-6 col-sm-6 col-xs-12 pt-cv-content-item pt-cv-1-col" ><div class='pt-cv-ifield'><a href="https://www.wallschule-cloppenburg.de/?p=3907" class="_self pt-cv-href-thumbnail pt-cv-thumb-default" target="_self" ><img loading="lazy" decoding="async" width="300" height="169" src="https://www.wallschule-cloppenburg.de/wp-content/uploads/2021/06/A484A3C2-FFC7-4B0A-A62F-43C424A1E3BE-e1623683951764-300x169.jpeg" class="pt-cv-thumbnail" alt="" srcset="https://www.wallschule-cloppenburg.de/wp-content/uploads/2021/06/A484A3C2-FFC7-4B0A-A62F-43C424A1E3BE-e1623683951764-300x169.jpeg 300w, https://www.wallschule-cloppenburg.de/wp-content/uploads/2021/06/A484A3C2-FFC7-4B0A-A62F-43C424A1E3BE-e1623683951764-1024x576.jpeg 1024w, https://www.wallschule-cloppenburg.de/wp-content/uploads/2021/06/A484A3C2-FFC7-4B0A-A62F-43C424A1E3BE-e1623683951764-768x432.jpeg 768w, https://www.wallschule-cloppenburg.de/wp-content/uploads/2021/06/A484A3C2-FFC7-4B0A-A62F-43C424A1E3BE-e1623683951764-1536x864.jpeg 1536w, https://www.wallschule-cloppenburg.de/wp-content/uploads/2021/06/A484A3C2-FFC7-4B0A-A62F-43C424A1E3BE-e1623683951764.jpeg 1600w" sizes="auto, (max-width: 300px) 100vw, 300px" /></a>
<h4 class="pt-cv-title"><a href="https://www.wallschule-cloppenburg.de/?p=3907" class="_self" target="_self" >Buch/- Leseprojekt : &#8220; Der magische Kalender&#8220; von Armin Pongs</a></h4>
<div class="pt-cv-content">Die Kinder des 4. Jahrgangs der Wallschule nehmen derzeit an einem Buch-, bzw. Leseprojekt des Kinderbuchautors Armin Pongs teil. Ab ...<br /><div class="pt-cv-rmwrap"><a href="https://www.wallschule-cloppenburg.de/?p=3907" class="_self pt-cv-readmore btn btn-success" target="_self">Weiterlesen …</a></div></div></div></div>
<div class="col-md-6 col-sm-6 col-xs-12 pt-cv-content-item pt-cv-1-col" ><div class='pt-cv-ifield'><a href="https://www.wallschule-cloppenburg.de/?p=3893" class="_self pt-cv-href-thumbnail pt-cv-thumb-default" target="_self" ><img loading="lazy" decoding="async" width="300" height="224" src="https://www.wallschule-cloppenburg.de/wp-content/uploads/2021/06/steam-4396854_640-300x224.png" class="pt-cv-thumbnail" alt="" srcset="https://www.wallschule-cloppenburg.de/wp-content/uploads/2021/06/steam-4396854_640-300x224.png 300w, https://www.wallschule-cloppenburg.de/wp-content/uploads/2021/06/steam-4396854_640.png 640w" sizes="auto, (max-width: 300px) 100vw, 300px" /></a>
<h4 class="pt-cv-title"><a href="https://www.wallschule-cloppenburg.de/?p=3893" class="_self" target="_self" >Erfinderkartons</a></h4>
<div class="pt-cv-content">Im Rahmen des Sachunterrichts bereiteten die Kinder des 4. Jahrgangs in einem Schuhkarton eine Präsentation zum Thema "Erfinder und ihre ...<br /><div class="pt-cv-rmwrap"><a href="https://www.wallschule-cloppenburg.de/?p=3893" class="_self pt-cv-readmore btn btn-success" target="_self">Weiterlesen …</a></div></div></div></div>
<div class="col-md-6 col-sm-6 col-xs-12 pt-cv-content-item pt-cv-1-col" ><div class='pt-cv-ifield'><a href="https://www.wallschule-cloppenburg.de/?p=3539" class="_self pt-cv-href-thumbnail pt-cv-thumb-default" target="_self" ><img loading="lazy" decoding="async" width="300" height="200" src="https://www.wallschule-cloppenburg.de/wp-content/uploads/2020/08/IMG_4230neu-300x200.jpg" class="pt-cv-thumbnail" alt="" srcset="https://www.wallschule-cloppenburg.de/wp-content/uploads/2020/08/IMG_4230neu-300x200.jpg 300w, https://www.wallschule-cloppenburg.de/wp-content/uploads/2020/08/IMG_4230neu.jpg 400w" sizes="auto, (max-width: 300px) 100vw, 300px" /></a>
<h4 class="pt-cv-title"><a href="https://www.wallschule-cloppenburg.de/?p=3539" class="_self" target="_self" >Einschulung 2020</a></h4>
<div class="pt-cv-content">Am 29. August 2020 wurden die neuen Erstklässlerinnen und Erstklässler endlich eingeschult! Coronabedingt fanden die Einschulungsfeiern für die einzelnen Klassen ...<br /><div class="pt-cv-rmwrap"><a href="https://www.wallschule-cloppenburg.de/?p=3539" class="_self pt-cv-readmore btn btn-success" target="_self">Weiterlesen …</a></div></div></div></div></div></div></div>
